{"id":8612,"date":"2022-08-26T15:19:00","date_gmt":"2022-08-26T13:19:00","guid":{"rendered":"https:\/\/cinevillastudios.com\/productions\/terra-x-diena-drezdene-1946-m\/"},"modified":"2023-09-30T15:24:43","modified_gmt":"2023-09-30T13:24:43","slug":"terra-x-diena-drezdene-1946-m","status":"publish","type":"productions","link":"https:\/\/cinevillastudios.com\/lt\/productions\/terra-x-diena-drezdene-1946-m\/","title":{"rendered":"Terra X &#8211; Diena Drezdene 1946 m."},"content":{"rendered":"\n<p>Elli G\u00f6bel yra viena i\u0161 daugiau kaip 500 moter\u0173 i\u0161 griuv\u0117si\u0173, kurios pad\u0117jo atstatyti subombarduot\u0105 miest\u0105. Kaip moterys susidorojo su sunkia kasdienybe? Apie koki\u0105 ateit\u012f jos svajojo? I\u0161galvotoje biografijoje parodomas likimas ir gyvenimo tikrov\u0117.<\/p>\n","protected":false},"featured_media":9096,"template":"","production-type":[49],"class_list":["post-8612","productions","type-productions","status-publish","has-post-thumbnail","hentry","production-type-shot-in-cinevilla"],"yoast_head":"<!-- This site is optimized with the Yoast SEO plugin v27.5 - https:\/\/yoast.com\/product\/yoast-seo-wordpress\/ -->\n<title>Terra X - Diena Drezdene 1946 m. - Cinevilla Studio<\/title>\n<meta name=\"robots\" content=\"index, follow, max-snippet:-1, max-image-preview:large, max-video-preview:-1\" \/>\n<link rel=\"canonical\" href=\"https:\/\/cinevillastudios.com\/lt\/productions\/terra-x-diena-drezdene-1946-m\/\" \/>\n<meta property=\"og:locale\" content=\"lt_LT\" \/>\n<meta property=\"og:type\" content=\"article\" \/>\n<meta property=\"og:title\" content=\"Terra X - Diena Drezdene 1946 m. - Cinevilla Studio\" \/>\n<meta property=\"og:description\" content=\"Elli G\u00f6bel yra viena i\u0161 daugiau kaip 500 moter\u0173 i\u0161 griuv\u0117si\u0173, kurios pad\u0117jo atstatyti subombarduot\u0105 miest\u0105. Kaip moterys susidorojo su sunkia kasdienybe? Apie koki\u0105 ateit\u012f jos svajojo? I\u0161galvotoje biografijoje parodomas likimas ir gyvenimo tikrov\u0117.\" \/>\n<meta property=\"og:url\" content=\"https:\/\/cinevillastudios.com\/lt\/productions\/terra-x-diena-drezdene-1946-m\/\" \/>\n<meta property=\"og:site_name\" content=\"Cinevilla Studio\" \/>\n<meta property=\"article:publisher\" content=\"https:\/\/www.facebook.com\/Cinevilla\" \/>\n<meta property=\"article:modified_time\" content=\"2023-09-30T13:24:43+00:00\" \/>\n<meta property=\"og:image\" content=\"https:\/\/cinevillastudios.com\/wp-content\/uploads\/2023\/08\/Ein-Tag-in-Dresden-1946-2021.webp\" \/>\n\t<meta property=\"og:image:width\" content=\"652\" \/>\n\t<meta property=\"og:image:height\" content=\"922\" \/>\n\t<meta property=\"og:image:type\" content=\"image\/webp\" \/>\n<meta name=\"twitter:card\" content=\"summary_large_image\" \/>\n<script type=\"application\/ld+json\" class=\"yoast-schema-graph\">{\"@context\":\"https:\\\/\\\/schema.org\",\"@graph\":[{\"@type\":\"WebPage\",\"@id\":\"https:\\\/\\\/cinevillastudios.com\\\/lt\\\/productions\\\/terra-x-diena-drezdene-1946-m\\\/\",\"url\":\"https:\\\/\\\/cinevillastudios.com\\\/lt\\\/productions\\\/terra-x-diena-drezdene-1946-m\\\/\",\"name\":\"Terra X - Diena Drezdene 1946 m. - Cinevilla Studio\",\"isPartOf\":{\"@id\":\"https:\\\/\\\/cinevillastudios.com\\\/lt\\\/#website\"},\"primaryImageOfPage\":{\"@id\":\"https:\\\/\\\/cinevillastudios.com\\\/lt\\\/productions\\\/terra-x-diena-drezdene-1946-m\\\/#primaryimage\"},\"image\":{\"@id\":\"https:\\\/\\\/cinevillastudios.com\\\/lt\\\/productions\\\/terra-x-diena-drezdene-1946-m\\\/#primaryimage\"},\"thumbnailUrl\":\"https:\\\/\\\/cinevillastudios.com\\\/wp-content\\\/uploads\\\/2023\\\/08\\\/Ein-Tag-in-Dresden-1946-2021.webp\",\"datePublished\":\"2022-08-26T13:19:00+00:00\",\"dateModified\":\"2023-09-30T13:24:43+00:00\",\"breadcrumb\":{\"@id\":\"https:\\\/\\\/cinevillastudios.com\\\/lt\\\/productions\\\/terra-x-diena-drezdene-1946-m\\\/#breadcrumb\"},\"inLanguage\":\"lt-LT\",\"potentialAction\":[{\"@type\":\"ReadAction\",\"target\":[\"https:\\\/\\\/cinevillastudios.com\\\/lt\\\/productions\\\/terra-x-diena-drezdene-1946-m\\\/\"]}]},{\"@type\":\"ImageObject\",\"inLanguage\":\"lt-LT\",\"@id\":\"https:\\\/\\\/cinevillastudios.com\\\/lt\\\/productions\\\/terra-x-diena-drezdene-1946-m\\\/#primaryimage\",\"url\":\"https:\\\/\\\/cinevillastudios.com\\\/wp-content\\\/uploads\\\/2023\\\/08\\\/Ein-Tag-in-Dresden-1946-2021.webp\",\"contentUrl\":\"https:\\\/\\\/cinevillastudios.com\\\/wp-content\\\/uploads\\\/2023\\\/08\\\/Ein-Tag-in-Dresden-1946-2021.webp\",\"width\":652,\"height\":922},{\"@type\":\"BreadcrumbList\",\"@id\":\"https:\\\/\\\/cinevillastudios.com\\\/lt\\\/productions\\\/terra-x-diena-drezdene-1946-m\\\/#breadcrumb\",\"itemListElement\":[{\"@type\":\"ListItem\",\"position\":1,\"name\":\"Home\",\"item\":\"https:\\\/\\\/cinevillastudios.com\\\/lt\\\/\"},{\"@type\":\"ListItem\",\"position\":2,\"name\":\"Productions (Movies & Shows)\",\"item\":\"https:\\\/\\\/cinevillastudios.com\\\/lt\\\/productions\\\/\"},{\"@type\":\"ListItem\",\"position\":3,\"name\":\"Terra X &#8211; Diena Drezdene 1946 m.\"}]},{\"@type\":\"WebSite\",\"@id\":\"https:\\\/\\\/cinevillastudios.com\\\/lt\\\/#website\",\"url\":\"https:\\\/\\\/cinevillastudios.com\\\/lt\\\/\",\"name\":\"Cinevilla Studio\",\"description\":\"\",\"publisher\":{\"@id\":\"https:\\\/\\\/cinevillastudios.com\\\/lt\\\/#organization\"},\"potentialAction\":[{\"@type\":\"SearchAction\",\"target\":{\"@type\":\"EntryPoint\",\"urlTemplate\":\"https:\\\/\\\/cinevillastudios.com\\\/lt\\\/?s={search_term_string}\"},\"query-input\":{\"@type\":\"PropertyValueSpecification\",\"valueRequired\":true,\"valueName\":\"search_term_string\"}}],\"inLanguage\":\"lt-LT\"},{\"@type\":\"Organization\",\"@id\":\"https:\\\/\\\/cinevillastudios.com\\\/lt\\\/#organization\",\"name\":\"Cinevilla Studio\",\"url\":\"https:\\\/\\\/cinevillastudios.com\\\/lt\\\/\",\"logo\":{\"@type\":\"ImageObject\",\"inLanguage\":\"lt-LT\",\"@id\":\"https:\\\/\\\/cinevillastudios.com\\\/lt\\\/#\\\/schema\\\/logo\\\/image\\\/\",\"url\":\"https:\\\/\\\/cinevillastudios.com\\\/wp-content\\\/uploads\\\/2023\\\/08\\\/cinevilla-studio-logo-1.svg\",\"contentUrl\":\"https:\\\/\\\/cinevillastudios.com\\\/wp-content\\\/uploads\\\/2023\\\/08\\\/cinevilla-studio-logo-1.svg\",\"width\":182,\"height\":144,\"caption\":\"Cinevilla Studio\"},\"image\":{\"@id\":\"https:\\\/\\\/cinevillastudios.com\\\/lt\\\/#\\\/schema\\\/logo\\\/image\\\/\"},\"sameAs\":[\"https:\\\/\\\/www.facebook.com\\\/Cinevilla\",\"https:\\\/\\\/www.instagram.com\\\/cinevillastudios\\\/\"]}]}<\/script>\n<!-- \/ Yoast SEO plugin. -->","yoast_head_json":{"title":"Terra X - Diena Drezdene 1946 m. - Cinevilla Studio","robots":{"index":"index","follow":"follow","max-snippet":"max-snippet:-1","max-image-preview":"max-image-preview:large","max-video-preview":"max-video-preview:-1"},"canonical":"https:\/\/cinevillastudios.com\/lt\/productions\/terra-x-diena-drezdene-1946-m\/","og_locale":"lt_LT","og_type":"article","og_title":"Terra X - Diena Drezdene 1946 m. - Cinevilla Studio","og_description":"Elli G\u00f6bel yra viena i\u0161 daugiau kaip 500 moter\u0173 i\u0161 griuv\u0117si\u0173, kurios pad\u0117jo atstatyti subombarduot\u0105 miest\u0105. Kaip moterys susidorojo su sunkia kasdienybe? Apie koki\u0105 ateit\u012f jos svajojo? I\u0161galvotoje biografijoje parodomas likimas ir gyvenimo tikrov\u0117.","og_url":"https:\/\/cinevillastudios.com\/lt\/productions\/terra-x-diena-drezdene-1946-m\/","og_site_name":"Cinevilla Studio","article_publisher":"https:\/\/www.facebook.com\/Cinevilla","article_modified_time":"2023-09-30T13:24:43+00:00","og_image":[{"width":652,"height":922,"url":"https:\/\/cinevillastudios.com\/wp-content\/uploads\/2023\/08\/Ein-Tag-in-Dresden-1946-2021.webp","type":"image\/webp"}],"twitter_card":"summary_large_image","schema":{"@context":"https:\/\/schema.org","@graph":[{"@type":"WebPage","@id":"https:\/\/cinevillastudios.com\/lt\/productions\/terra-x-diena-drezdene-1946-m\/","url":"https:\/\/cinevillastudios.com\/lt\/productions\/terra-x-diena-drezdene-1946-m\/","name":"Terra X - Diena Drezdene 1946 m. - Cinevilla Studio","isPartOf":{"@id":"https:\/\/cinevillastudios.com\/lt\/#website"},"primaryImageOfPage":{"@id":"https:\/\/cinevillastudios.com\/lt\/productions\/terra-x-diena-drezdene-1946-m\/#primaryimage"},"image":{"@id":"https:\/\/cinevillastudios.com\/lt\/productions\/terra-x-diena-drezdene-1946-m\/#primaryimage"},"thumbnailUrl":"https:\/\/cinevillastudios.com\/wp-content\/uploads\/2023\/08\/Ein-Tag-in-Dresden-1946-2021.webp","datePublished":"2022-08-26T13:19:00+00:00","dateModified":"2023-09-30T13:24:43+00:00","breadcrumb":{"@id":"https:\/\/cinevillastudios.com\/lt\/productions\/terra-x-diena-drezdene-1946-m\/#breadcrumb"},"inLanguage":"lt-LT","potentialAction":[{"@type":"ReadAction","target":["https:\/\/cinevillastudios.com\/lt\/productions\/terra-x-diena-drezdene-1946-m\/"]}]},{"@type":"ImageObject","inLanguage":"lt-LT","@id":"https:\/\/cinevillastudios.com\/lt\/productions\/terra-x-diena-drezdene-1946-m\/#primaryimage","url":"https:\/\/cinevillastudios.com\/wp-content\/uploads\/2023\/08\/Ein-Tag-in-Dresden-1946-2021.webp","contentUrl":"https:\/\/cinevillastudios.com\/wp-content\/uploads\/2023\/08\/Ein-Tag-in-Dresden-1946-2021.webp","width":652,"height":922},{"@type":"BreadcrumbList","@id":"https:\/\/cinevillastudios.com\/lt\/productions\/terra-x-diena-drezdene-1946-m\/#breadcrumb","itemListElement":[{"@type":"ListItem","position":1,"name":"Home","item":"https:\/\/cinevillastudios.com\/lt\/"},{"@type":"ListItem","position":2,"name":"Productions (Movies & Shows)","item":"https:\/\/cinevillastudios.com\/lt\/productions\/"},{"@type":"ListItem","position":3,"name":"Terra X &#8211; Diena Drezdene 1946 m."}]},{"@type":"WebSite","@id":"https:\/\/cinevillastudios.com\/lt\/#website","url":"https:\/\/cinevillastudios.com\/lt\/","name":"Cinevilla Studio","description":"","publisher":{"@id":"https:\/\/cinevillastudios.com\/lt\/#organization"},"potentialAction":[{"@type":"SearchAction","target":{"@type":"EntryPoint","urlTemplate":"https:\/\/cinevillastudios.com\/lt\/?s={search_term_string}"},"query-input":{"@type":"PropertyValueSpecification","valueRequired":true,"valueName":"search_term_string"}}],"inLanguage":"lt-LT"},{"@type":"Organization","@id":"https:\/\/cinevillastudios.com\/lt\/#organization","name":"Cinevilla Studio","url":"https:\/\/cinevillastudios.com\/lt\/","logo":{"@type":"ImageObject","inLanguage":"lt-LT","@id":"https:\/\/cinevillastudios.com\/lt\/#\/schema\/logo\/image\/","url":"https:\/\/cinevillastudios.com\/wp-content\/uploads\/2023\/08\/cinevilla-studio-logo-1.svg","contentUrl":"https:\/\/cinevillastudios.com\/wp-content\/uploads\/2023\/08\/cinevilla-studio-logo-1.svg","width":182,"height":144,"caption":"Cinevilla Studio"},"image":{"@id":"https:\/\/cinevillastudios.com\/lt\/#\/schema\/logo\/image\/"},"sameAs":["https:\/\/www.facebook.com\/Cinevilla","https:\/\/www.instagram.com\/cinevillastudios\/"]}]}},"_links":{"self":[{"href":"https:\/\/cinevillastudios.com\/lt\/wp-json\/wp\/v2\/productions\/8612","targetHints":{"allow":["GET"]}}],"collection":[{"href":"https:\/\/cinevillastudios.com\/lt\/wp-json\/wp\/v2\/productions"}],"about":[{"href":"https:\/\/cinevillastudios.com\/lt\/wp-json\/wp\/v2\/types\/productions"}],"wp:featuredmedia":[{"embeddable":true,"href":"https:\/\/cinevillastudios.com\/lt\/wp-json\/wp\/v2\/media\/9096"}],"wp:attachment":[{"href":"https:\/\/cinevillastudios.com\/lt\/wp-json\/wp\/v2\/media?parent=8612"}],"wp:term":[{"taxonomy":"production-type","embeddable":true,"href":"https:\/\/cinevillastudios.com\/lt\/wp-json\/wp\/v2\/production-type?post=8612"}],"curies":[{"name":"wp","href":"https:\/\/api.w.org\/{rel}","templated":true}]}}

<p>Elli Göbel yra viena iš daugiau kaip 500 moterų iš griuvėsių, kurios padėjo atstatyti subombarduotą miestą. Kaip moterys susidorojo su sunkia kasdienybe? Apie kokią ateitį jos svajojo? Išgalvotoje biografijoje parodomas likimas ir gyvenimo tikrovė.</p>

<!-- This site is optimized with the Yoast SEO plugin v27.5 - https://yoast.com/product/yoast-seo-wordpress/ -->
<title>Terra X - Diena Drezdene 1946 m. - Cinevilla Studio</title>
<meta name="robots" content="index, follow, max-snippet:-1, max-image-preview:large, max-video-preview:-1" />
<link rel="canonical" href="https://cinevillastudios.com/lt/productions/terra-x-diena-drezdene-1946-m/" />
<meta property="og:locale" content="lt_LT" />
<meta property="og:type" content="article" />
<meta property="og:title" content="Terra X - Diena Drezdene 1946 m. - Cinevilla Studio" />
<meta property="og:description" content="Elli Göbel yra viena iš daugiau kaip 500 moterų iš griuvėsių, kurios padėjo atstatyti subombarduotą miestą. Kaip moterys susidorojo su sunkia kasdienybe? Apie kokią ateitį jos svajojo? Išgalvotoje biografijoje parodomas likimas ir gyvenimo tikrovė." />
<meta property="og:url" content="https://cinevillastudios.com/lt/productions/terra-x-diena-drezdene-1946-m/" />
<meta property="og:site_name" content="Cinevilla Studio" />
<meta property="article:publisher" content="https://www.facebook.com/Cinevilla" />
<meta property="article:modified_time" content="2023-09-30T13:24:43+00:00" />
<meta property="og:image" content="https://cinevillastudios.com/wp-content/uploads/2023/08/Ein-Tag-in-Dresden-1946-2021.webp" />
	<meta property="og:image:width" content="652" />
	<meta property="og:image:height" content="922" />
	<meta property="og:image:type" content="image/webp" />
<meta name="twitter:card" content="summary_large_image" />
<script type="application/ld+json" class="yoast-schema-graph">{"@context":"https:\/\/schema.org","@graph":[{"@type":"WebPage","@id":"https:\/\/cinevillastudios.com\/lt\/productions\/terra-x-diena-drezdene-1946-m\/","url":"https:\/\/cinevillastudios.com\/lt\/productions\/terra-x-diena-drezdene-1946-m\/","name":"Terra X - Diena Drezdene 1946 m. - Cinevilla Studio","isPartOf":{"@id":"https:\/\/cinevillastudios.com\/lt\/#website"},"primaryImageOfPage":{"@id":"https:\/\/cinevillastudios.com\/lt\/productions\/terra-x-diena-drezdene-1946-m\/#primaryimage"},"image":{"@id":"https:\/\/cinevillastudios.com\/lt\/productions\/terra-x-diena-drezdene-1946-m\/#primaryimage"},"thumbnailUrl":"https:\/\/cinevillastudios.com\/wp-content\/uploads\/2023\/08\/Ein-Tag-in-Dresden-1946-2021.webp","datePublished":"2022-08-26T13:19:00+00:00","dateModified":"2023-09-30T13:24:43+00:00","breadcrumb":{"@id":"https:\/\/cinevillastudios.com\/lt\/productions\/terra-x-diena-drezdene-1946-m\/#breadcrumb"},"inLanguage":"lt-LT","potentialAction":[{"@type":"ReadAction","target":["https:\/\/cinevillastudios.com\/lt\/productions\/terra-x-diena-drezdene-1946-m\/"]}]},{"@type":"ImageObject","inLanguage":"lt-LT","@id":"https:\/\/cinevillastudios.com\/lt\/productions\/terra-x-diena-drezdene-1946-m\/#primaryimage","url":"https:\/\/cinevillastudios.com\/wp-content\/uploads\/2023\/08\/Ein-Tag-in-Dresden-1946-2021.webp","contentUrl":"https:\/\/cinevillastudios.com\/wp-content\/uploads\/2023\/08\/Ein-Tag-in-Dresden-1946-2021.webp","width":652,"height":922},{"@type":"BreadcrumbList","@id":"https:\/\/cinevillastudios.com\/lt\/productions\/terra-x-diena-drezdene-1946-m\/#breadcrumb","itemListElement":[{"@type":"ListItem","position":1,"name":"Home","item":"https:\/\/cinevillastudios.com\/lt\/"},{"@type":"ListItem","position":2,"name":"Productions (Movies & Shows)","item":"https:\/\/cinevillastudios.com\/lt\/productions\/"},{"@type":"ListItem","position":3,"name":"Terra X &#8211; Diena Drezdene 1946 m."}]},{"@type":"WebSite","@id":"https:\/\/cinevillastudios.com\/lt\/#website","url":"https:\/\/cinevillastudios.com\/lt\/","name":"Cinevilla Studio","description":"","publisher":{"@id":"https:\/\/cinevillastudios.com\/lt\/#organization"},"potentialAction":[{"@type":"SearchAction","target":{"@type":"EntryPoint","urlTemplate":"https:\/\/cinevillastudios.com\/lt\/?s={search_term_string}"},"query-input":{"@type":"PropertyValueSpecification","valueRequired":true,"valueName":"search_term_string"}}],"inLanguage":"lt-LT"},{"@type":"Organization","@id":"https:\/\/cinevillastudios.com\/lt\/#organization","name":"Cinevilla Studio","url":"https:\/\/cinevillastudios.com\/lt\/","logo":{"@type":"ImageObject","inLanguage":"lt-LT","@id":"https:\/\/cinevillastudios.com\/lt\/#\/schema\/logo\/image\/","url":"https:\/\/cinevillastudios.com\/wp-content\/uploads\/2023\/08\/cinevilla-studio-logo-1.svg","contentUrl":"https:\/\/cinevillastudios.com\/wp-content\/uploads\/2023\/08\/cinevilla-studio-logo-1.svg","width":182,"height":144,"caption":"Cinevilla Studio"},"image":{"@id":"https:\/\/cinevillastudios.com\/lt\/#\/schema\/logo\/image\/"},"sameAs":["https:\/\/www.facebook.com\/Cinevilla","https:\/\/www.instagram.com\/cinevillastudios\/"]}]}</script>
<!-- / Yoast SEO plugin. -->

Elli Göbel yra viena iš daugiau kaip 500 moterų iš griuvėsių, kurios padėjo atstatyti subombarduotą miestą. Kaip moterys susidorojo su sunkia kasdienybe? Apie kokią ateitį jos svajojo? Išgalvotoje biografijoje parodomas likimas ir gyvenimo tikrovė.
